?
True
Is 4236648959 a prime number?
False
Is 26990862493 a composite number?
True
Is 4842846493 a prime number?
True
Is 46764169 a composite number?
False
Is 332299181 a composite number?
False
Is 1679895553 prime?
False
Is 3041863789 composite?
True
Is 6458687171 a prime number?
True
Is 25778452133 composite?
True
Is 51072465569 a composite number?
False
Is 48955787249 prime?
True
Is 1858319683 prime?
False
Is 10888107539 composite?
False
Is 730639171 prime?
False
Is 296811107 a prime number?
True
Is 9263943811 composite?
False
Is 1298014061 prime?
True
Is 407200483 composite?
False
Is 3772782427 composite?
True
Is 1813026459 a prime number?
False
Is 5905323751 composite?
True
Is 88414715867 composite?
False
Is 49357669 composite?
False
Is 13227948047 prime?
False
Is 694460161 prime?
True
Is 28405294619 a prime number?
False
Is 28801069277 a composite number?
False
Is 36920057 prime?
True
Is 1031569691 a prime number?
True
Is 10787095237 composite?
False
Is 6614491341 a prime number?
False
Is 1104347501 composite?
False
Is 1996638373 composite?
False
Is 146320270219 prime?
True
Is 4871434369 a composite number?
False
Is 471920585 a composite number?
True
Is 736960507 a composite number?
True
Is 3469389761 a composite number?
False
Is 4953810803 prime?
False
Is 51464124139 composite?
False
Is 2027860979 composite?
False
Is 43059890089 composite?
False
Is 39335043793 a prime number?
True
Is 16660687 composite?
False
Is 2534216159 prime?
True
Is 6284186039 a composite number?
False
Is 65541199 prime?
False
Is 53412433 prime?
False
Is 631361683 composite?
True
Is 864774179 a prime number?
False
Is 15190487423 a prime number?
True
Is 12656135881 composite?
True
Is 675266117 composite?
False
Is 809708519 a composite number?
False
Is 3193074902 a composite number?
True
Is 3727878307 a composite number?
True
Is 756849451 composite?
True
Is 128693811 prime?
False
Is 756124927 composite?
True
Is 131720464303 prime?
True
Is 37906926753 a composite number?
True
Is 19703360749 a composite number?
False
Is 84826804723 composite?
True
Is 547269631 a composite number?
False
Is 3976854103 a prime number?
False
Is 4065588173 a composite number?
True
Is 133177778089 composite?
True
Is 1295000827 a composite number?
False
Is 27406404617 prime?
True
Is 466300577 a composite number?
False
Is 6383922269 composite?
False
Is 511664261 a composite number?
False
Is 3934042859 a composite number?
False
Is 1991216015 composite?
True
Is 7141106663 composite?
True
Is 856329413 composite?
True
Is 164232510863 a composite number?
False
Is 1169515793 a composite number?
False
Is 581153401 a composite number?
False
Is 15160745137 a composite number?
False
Is 29159271319 a prime number?
False
Is 277731517397 prime?
False
Is 31485362497 prime?
True
Is 930486929 composite?
True
Is 1887265201 a composite number?
False
Is 3754518029 a composite number?
True
Is 1182204229 prime?
True
Is 13741725869 prime?
False
Is 6637150955 a prime number?
False
Is 371815567 a prime number?
False
Is 638299049 prime?
True
Is 4942857737 composite?
False
Is 1918975469 a composite number?
True
Is 7115395907 composite?
False
Is 4666920173 composite?
False
Is 43951074191 composite?
False
Is 1960230851 composite?
False
Is 214155463 prime?
False
Is 10062135569 a composite number?
True
Is 234836477 a composite number?
True
Is 1166508913 a prime number?
False
Is 847177861 composite?
True
Is 1471113487 a prime number?
True
Is 17534300177 composite?
False
Is 203951704933 prime?
True
Is 929347651 prime?
True
Is 6160308961 a prime number?
False
Is 34169363177 a composite number?
True
Is 16409737901 a prime number?
True
Is 181652771 a composite number?
True
Is 26993917607 composite?
False
Is 7702070227 a composite number?
True
Is 6366580795 prime?
False
Is 254027635 a composite number?
True
Is 7692941021 a composite number?
True
Is 1379648381 prime?
True
Is 255158 a prime number?
False
Is 8861434007 composite?
False
Is 808305493 a prime number?
True
Is 31480707691 a prime number?
True
Is 543759319 composite?
False
Is 59688136919 prime?
True
Is 75152537 prime?
True
Is 274461947 composite?
True
Is 726705509 prime?
True
Is 578148157 a prime number?
True
Is 1075775581 a composite number?
False
Is 165852994 composite?
True
Is 222929461 a composite number?
True
Is 1376489657 a composite number?
False
Is 8832151403 a composite number?
False
Is 30563480131 prime?
True
Is 4042215061 composite?
False
Is 8579538791 composite?
False
Is 36716369 composite?
True
Is 6479361469 composite?
True
Is 7908105397 composite?
False
Is 83998757 prime?
True
Is 120138581 composite?
False
Is 2194114033 composite?
True
Is 104104669 prime?
False
Is 87650551 composite?
True
Is 8740099681 prime?
True
Is 556051477 a prime number?
True
Is 7994710531 composite?
False
Is 2603594363 prime?
False
Is 2644471163 a prime number?
True
Is 86307638017 a prime number?
True
Is 240553133 composite?
False
Is 692864677 a prime number?
True
Is 233323417 a composite number?
True
Is 245208631 prime?
True
Is 170668666927 prime?
False
Is 11878703747 a prime number?
True
Is 479640563 prime?
True
Is 675853627 composite?
False
Is 5713405877 a prime number?
True
Is 1267789211 composite?
True
Is 10038279613 a composite number?
True
Is 614858443 prime?
True
Is 192826925141 prime?
True
Is 31185355349 a prime number?
False
Is 33158837 composite?
False
Is 37888741565 a prime number?
False
Is 5584263541 a prime number?
False
Is 16966901353 a composite number?
False
Is 15834781082 composite?
True
Is 47129343697 a prime number?
False
Is 42223606889 a prime number?
True
Is 573539689 prime?
True
Is 222476837 a composite number?
True
Is 20196035911 prime?
True
Is 4827530717 a prime number?
True
Is 2310014443 a composite number?
True
Is 584565797 composite?
False
Is 59235062119 a composite number?
True
Is 11905143799 composite?
True
Is 715639091 a prime number?
False
Is 61385771033 a composite number?
False
Is 11096174383 prime?
False
Is 4418098303 prime?
True
Is 58458839927 a prime number?
True
Is 74186630431 prime?
False
Is 1472704657 a prime number?
True
Is 43726464763 prime?
False
Is 614146217 composite?
False
Is 75894414163 a prime number?
False
Is 20689247363 a prime number?
True
Is 1365291787 prime?
False
Is 6487612991 a composite number?
True
Is 704648531 a composite number?
False
Is 1491479323 prime?
True
Is 16674710389 prime?
False
Is 736204517 prime?
False
Is 140226257 composite?
False
Is 26748502877 composite?
True
Is 6838152109 a prime number?
False
Is 1369969091 a prime number?
True
Is 43612195909 prime?
True
Is 30359504393 a composite number?
True
Is 77921349689 prime?
False
Is 36455019017 prime?
False
Is 3288556093 composite?
False
Is 45749337343 prime?
True
Is 1221950759 a composite number?
False
Is 2902094887 a composite number?
True
Is 1371596711 a composite number?
True
Is 1040125102 composite?
True
Is 1093051415 a prime number?
False
Is 1109486537 prime?
True
Is 5579854333 prime?
True
Is 2915429227 prime?
False
Is 13209998807 prime?
True
Is 19952782909 a composite number?
True
Is 771223421 composite?
True
Is 401088993557 a prime number?
False
Is 11578214081 a composite number?
True
Is 14184191323 prime?
False
Is 463008155 a composite number?
True
Is 37813482647 a prime number?
True
Is 670027549 a prime number?
True
Is 532687531 a prime number?
True
Is 1456368037 composite?
False
Is 51616023385 a composite number?
True
Is 933465157 a composite number?
False
Is 273708067 a composite number?
False
Is 63730714205 prime?
False
Is 32038853993 composite?
True
Is 562508879 a composite number?
True
Is 6268249451 prime?
True
Is 39872349857 prime?
True
Is 4977971483 a prime number?
False
Is 107348129071 composite?
True
Is 43875353477 a prime number?
False
Is 325387001 a prime number?
True
Is 240828754129 a prime number?
True
Is 229343505077 a prime number?
False
Is 7952087221 composite?
True
Is 78367389937 a composite number?
True
Is 43355175169 composite?
True
Is 1024473803 prime?
False
Is 2467419869 a composite number?
False
Is 9160963169 a prime number?
True
Is 11841246631 composite?
True
Is 13550596349 composite?
True
Is 6799049011 composite?
False
Is 54849859 prime?
False
Is 1133190763 a composite number?
True
Is 1008870235 a prime number?
False
Is 24202286599 